t -35 (base 15) to base 4.
-302
Convert -3 (base 13) to base 12.
-3
Convert -5 (base 15) to base 6.
-5
11 (base 5) to base 4
12
Convert 3 (base 6) to base 13.
3
6 (base 15) to base 6
10
Convert -4 (base 9) to base 5.
-4
What is 10 (base 2) in base 10?
2
Convert -2 (base 9) to base 7.
-2
What is 6 (base 13) in base 6?
10
2 (base 10) to base 4
2
113 (base 7) to base 11
54
Convert 2 (base 7) to base 11.
2
What is e (base 15) in base 11?
13
Convert 10 (base 7) to base 11.
7
What is 31 (base 11) in base 7?
46
57 (base 11) to base 9
68
What is -16 (base 11) in base 15?
-12
What is 120 (base 4) in base 11?
22
-1000001 (base 2) to base 12
-55
What is -337 (base 8) in base 7?
-436
What is -19 (base 15) in base 6?
-40
Convert 12 (base 9) to base 5.
21
Convert 33 (base 8) to base 3.
1000
Convert 311 (base 5) to base 13.
63
What is 14 (base 7) in base 3?
102
What is 1 (base 4) in base 2?
1
-1b (base 15) to base 16
-1a
-2 (base 8) to base 3
-2
Convert 335 (base 7) to base 14.
c5
-15 (base 8) to base 16
-d
What is -21 (base 3) in base 7?
-10
Convert 33 (base 10) to base 5.
113
-1 (base 11) to base 2
-1
What is -173 (base 8) in base 3?
-11120
73 (base 9) to base 2
1000010
What is 13 (base 16) in base 7?
25
What is 8 (base 14) in base 16?
8
Convert -5a (base 15) to base 5.
-320
-19 (base 10) to base 8
-23
-3 (base 12) to base 5
-3
Convert 141 (base 5) to base 2.
101110
2 (base 7) to base 4
2
-7 (base 13) to base 16
-7
What is -1201 (base 5) in base 7?
-341
Convert -19 (base 10) to base 2.
-10011
Convert 1212 (base 4) to base 15.
6c
2 (base 12) to base 2
10
What is -10 (base 8) in base 16?
-8
What is 108 (base 9) in base 7?
155
What is -1 (base 5) in base 3?
-1
-118 (base 11) to base 12
-b8
What is -12 (base 3) in base 8?
-5
-2 (base 10) to base 16
-2
1 (base 6) to base 9
1
Convert 2 (base 8) to base 11.
2
1212 (base 3) to base 6
122
Convert -10102 (base 3) to base 5.
-332
What is 20 (base 14) in base 11?
26
What is -11 (base 10) in base 16?
-b
What is -1d (base 14) in base 15?
-1c
10 (base 3) to base 4
3
-10 (base 3) to base 14
-3
-11 (base 3) to base 6
-4
Convert -3 (base 9) to base 2.
-11
What is -c3 (base 13) in base 15?
-a9
3 (base 15) to base 13
3
Convert -c (base 16) to base 5.
-22
What is 2 (base 14) in base 6?
2
Convert 29a (base 11) to base 9.
430
What is 1 (base 2) in base 5?
1
What is 7 (base 9) in base 8?
7
What is cc (base 13) in base 8?
250
What is -11110100 (base 2) in base 9?
-301
Convert -4 (base 9) to base 10.
-4
Convert 10 (base 4) to base 5.
4
Convert 153 (base 7) to base 9.
106
Convert 154 (base 6) to base 5.
240
12 (base 12) to base 3
112
What is -11 (base 6) in base 14?
-7
What is c (base 13) in base 12?
10
What is -1 (base 7) in base 15?
-1
What is 4 (base 16) in base 2?
100
Convert -3 (base 5) to base 13.
-3
What is 23 (base 6) in base 7?
21
Convert 2b (base 16) to base 6.
111
-75 (base 9) to base 7
-125
Convert -20002 (base 3) to base 14.
-ba
Convert -2 (base 13) to base 4.
-2
28 (base 13) to base 4
202
Convert 4 (base 8) to base 14.
4
Convert -144 (base 6) to base 14.
-48
-101 (base 5) to base 11
-24
-4 (base 8) to base 3
-11
Convert -27 (base 14) to base 15.
-25
What is 71 (base 8) in base 3?
2010
Convert 23 (base 14) to base 6.
51
What is 0 (base 2) in base 9?
0
Convert 4f (base 16) to base 15.
54
What is 4 (base 11) in base 9?
4
What is 410 (base 5) in base 14?
77
Convert -10 (base 4) to base 14.
-4
Convert -2 (base 5) to base 8.
-2
Convert 55 (base 14) to base 2.
1001011
-2 (base 10) to base 14
-2
What is -123 (base 5) in base 6?
-102
605 (base 7) to base 12
20b
What is 11 (base 12) in base 10?
13
What is 13 (base 6) in base 5?
14
What is 4 (base 16) in base 12?
4
-11010 (base 4) to base 11
-275
Convert -2 (base 6) to base 14.
-2
What is 10 (base 2) in base 8?
2
Convert -10 (base 16) to base 3.
-121
e (base 16) to base 11
13
3 (base 4) to base 10
3
What is -11 (base 7) in base 8?
-10
What is 139 (base 13) in base 14?
117
Convert -13 (base 15) to base 11.
-17
What is 3 (base 5) in base 3?
10
Convert -32 (base 12) to base 16.
-26
0 (base 12) to base 13
0
Convert -1 (base 11) to base 2.
-1
What is 108 (base 13) in base 8?
261
What is -3 (base 10) in base 13?
-3
-4 (base 6) to base 7
-4
What is 3 (base 15) in base 5?
3
What is -32 (base 5) in base 11?
-16
-4 (base 9) to base 15
-4
Convert -13 (base 14) to base 4.
-101
-203 (base 7) to base 8
-145
Convert -312 (base 7) to base 12.
-110
-221 (base 4) to base 10
-41
-1 (base 4) to base 3
-1
142 (base 11) to base 4
2213
What is -10 (base 5) in base 3?
-12
Convert 1 (base 14) to base 8.
1
Convert 1 (base 13) to base 6.
1
Convert -5 (base 10) to base 6.
-5
22 (base 3) to base 4
20
What is -1 (base 10) in base 7?
-1
Convert -46 (base 16) to base 12.
-5a
What is -101 (base 6) in base 7?
-52
-124 (base 8) to base 9
-103
Convert 0 (base 4) to base 2.
0
What is -93 (base 13) in base 7?
-231
1000 (base 2) to base 3
22
-122 (base 3) to base 6
-25
3 (base 9) to base 6
3
-1 (base 2) to base 3
-1
Convert 8 (base 13) to base 7.
11
What is -1a8 (base 12) in base 4?
-10100
Convert -2 (base 11) to base 8.
-2
What is 13 (base 12) in base 3?
120
Convert -1 (base 7) to base 3.
-1
211 (base 6) to base 2
1001111
Convert -1 (base 3) to base 2.
-1
Convert -4 (base 11) to base 6.
-4
4 (base 16) to base 7
4
What is -4 (base 16) in base 10?
-4
Convert 3 (base 16) to base 7.
3
Convert -5 (base 13) to base 7.
-5
Convert -26 (base 9) to base 6.
-40
Convert 11 (base 5) to base 7.
6
Convert 2 (base 11) to base 16.
2
-6 (base 14) to base 4
-12
What is -6 (base 13) in base 12?
-6
-24 (base 9) to base 3
-211
Convert 0 (base 14) to base 3.
0
b (base 16) to base 9
12
What is 4 (base 10) in base 5?
4
-4 (base 10) to base 12
-4
20 (base 7) to base 11
13
1 (base 11) to base 9
1
Convert -33 (base 7) to base 14.
-1a
What is 16 (base 11) in base 10?
17
Convert -33 (base 13) to base 3.
-1120
30 (base 5) to base 4
33
Convert 55 (base 8) to base 14.
33
What is -3 (base 14) in base 7?
-3
Convert 3 (base 9) to base 15.
3
What is c (base 13) in base 7?
15
-d (base 16) to base 4
-31
a (base 12) to base 15
a
16 (base 12) to base 16
12
-14c (base 14) to base 8
-410
12 (base 4) to base 5
11
What is a (base 16) in base 15?
a
Convert -5 (base 10) to base 5.
-10
Convert -b (base 16) to base 2.
-1011
111 (base 2) to base 6
11
114 (base 11) to base 15
91
1 (base 13) to base 8
1
-100 (base 9) to base 16
-51
What is -5 (base 6) in base 12?
-5
Convert -30 (base 9) to base 2.
-11011
What is 1 (base 16) in base 10?
1
43 (base 16) to base 7
124
What is 4 (base 16) in base 8?
4
2 (base 6) to base 5
2
-3 (base 12) to base 11
-3
What is 173 (base 11) in base 8?
311
What is 52 (base 10) in base 7?
103
Convert -22 (base 9) to base 16.
-14
4 (base 5) to base 15
4
212 (base 9) to base 2
10101101
Convert 9 (base 15) to base 16.
9
Convert -1 (base 14) to base 9.
-1
1403 (base 5) to base 6
1020
-4b (base 14) to base 12
-57
11 (base 12) to base 3
111
-3 (base 16) to base 15
-3
Convert 1 (base 14) to base 15.
1
1 (base 13) to base 10
1
Convert 146 (base 9) to base 3.
11120
8 (base 15) to base 2
1000
1 (base 7) to base 6
1
What is 2 (base 8) in base 16?
2
20 (base 10) to base 11
19
What is 3 (base 5) in base 3?
10
What is -37 (base 10) in base 2?
-100101
145 (base 10) to base 16
91
What is 54 (base 9) in base 3?
1211
What is 2d (base 14) in base 4?
221
Convert -26 (base 10) to base 11.
-24
1222 (base 4) to base 13
82
11010110 (base 2) to base 15
e4
Convert 121 (base 3) to base 10.
16
Convert 4 (base 16) to base 11.
4
What is 1d (base 14) in base 10?
27
Convert 22 (base 7) to base 11.
15
What is 11 (base 9) in base 3?
101
-5 (base 6) to base 5
-10
Convert 2 (base 8) to base 5.
2
Convert 2 (base 16) to base 5.
2
What is -120 (base 4) in base 2?
-11000
Convert 11001111 (base 2) to base 8.
317
What is 1 (base 8) in base 7?
1
What is 364 (base 7) in base 11?
166
What is -120 (base 4) in base 7?
-33
Convert -400 (base 8) to base 16.
-100
What is 11 (base 9) in base 4?
22
What is 7a (base 12) in base 10?
94
-2 (base 13) to base 12
-2
4 (base 8) to base 11
4
1 (base 14) to base 10
1
What is 9 (base 10) in base 12?
9
Convert 4 (base 15) to base 9.
4
Convert 401 (base 5) to base 4.
1211
What is -4 (base 6) in base 14?
-4
-193 (base 10) to base 16
-c1
0 (base 13) to 